b(v) = 9*v - 13. Let r(w) = -2*b(w) - 22*s(w). Let i(a) = 5*r(a) - 3*u(a). What is i(l)?
-2
Suppose 3*n - 3*k - 39 = 0, n - 13*k = 89 - 4. Let u(t) = -t + 11. Determine u(n).
4
Let p(y) = -2*y + 3. Let w = -67 - -66. Let h be (w - 0)/((15/(-5))/21). Let a(u) = -3*u + 5. Let z(k) = h*p(k) - 4*a(k). What is z(-1)?
3
Let k = 2183 - 2187. Let n(c) = 2*c**2 + 9*c. Give n(k).
-4
Suppose -703 = 84*r - 115. Let x(f) = 2*f**2 + 4*f + 9. Give x(r).
79
Let h(w) = 6*w**2 + 10*w + 58. Let b(u) = u**2 - u + 19. Let r(k) = -5*b(k) + h(k). What is r(-16)?
-21
Let s(c) = -3*c - 86. Suppose 818*h + 46 = -2*p + 816*h, 4*p - 4*h + 116 = 0. Calculate s(p).
-8
Let k(y) be the third derivative of y**4/8 - 3*y**3/2 + 674*y**2. Calculate k(-11).
-42
Suppose 33*y = 30*y - 5*i - 13, 5*y = 2*i - 1. Let l(v) = -7*v - 5. Determine l(y).
2
Suppose 0 = -z + 17*z + 4*z + 4*z. Let l(a) = -2*a**2 - 117. Calculate l(z).
-117
Let w(p) be the first derivative of 31*p**3 - p**2/2 - p - 1455. Calculate w(-1).
93
Suppose 2*h = -2*h + s + 23, 0 = -s - 3. Let t(r) = 29*r + 58. Let p be t(-2). Let u(l) = h*l + 2 + 2 + p - 4*l. Give u(-9).
-5
Let o(f) = 114*f + 3389. Let k be o(-30). Let g(q) = -3*q**2 - 94*q - 8. Give g(k).
23
Let j(v) = 20*v - 95. Let f = 7953 - 7948. Calculate j(f).
5
Let u(n) = -5*n - 2 + 2*n + 2*n. Suppose -4*q - 43 = 5*w, -q + 19*w - 16*w = -2. Calculate u(q).
5
Let f(s) = -3*s - 18*s + 56*s - 23*s - 37. Determine f(4).
11
Let q be 15*(1 + 1 + (-143)/55). Let a(l) = -l - 3. Let x(h) = -2*h - 5. Let v(u) = -13*a(u) + 6*x(u). Give v(q).
0
Let r(p) = -3*p - 2. Let i(b) = -b**3 - 6*b**2 - b + 1. Let c(o) = -i(o) - r(o). Determine c(-5).
6
Let y(w) be the first derivative of -w**3/3 - 13*w**2/2 + 46*w + 620. Calculate y(-13).
46
Let i(o) = o**3 + 4*o**2 - 5*o + 20. Let d be i(-5). Suppose -131*h = -126*h - d. Let u(f) = f**3 - 3*f**2 - 2*f. What is u(h)?
8
Let d(c) = -4*c + 19. Let n(y) = -2*y + 2. Let i = -52 - -49. Let s(t) = i*n(t) + d(t). Give s(-7).
-1
Let m(b) be the second derivative of -7*b**3/6 - 7*b**2 - 2051*b. Calculate m(2).
-28
Suppose -2*w + 30 = 5*u, 2*w - 8*u = -3*u - 10. Let x(c) = 2*c**2 - 26*c - 3. Let r(t) = -t**2 + 17*t + 2. Let z(f) = w*x(f) + 8*r(f). Calculate z(-4).
9
Suppose 12*y - 10*y = 6. Suppose l - 4 = 2*r - l, 3 = -y*l. Let j(k) = k**2 + 5*k + 4. Determine j(r).
-2
Let x(p) = 341 - 2*p**2 - 348 - 9*p - 20*p**2 + 5*p**3. Determine x(5).
23
Suppose 5*u - 3*g = 6, 3*u + 5*g = u + 21. Suppose 0 = -4*m - 5*x + 13, -3*x + 8 + 5 = 5*m. Let i(q) = -2 + 5*q + 0 + 2*q**m - 1 - q**3. What is i(u)?
3
Let n(r) = 16*r - 126. Let l be ((-2)/6)/((-6813)/243 - -28). Determine n(l).
18
Let t be (-48)/8*((-15)/(-18) - 1). Suppose -7*s = -5*s + 2, -3*z - 2*s + t = 0. Let l(a) = -30*a. What is l(z)?
-30
Let g(q) = -q. Let f = -5 + 5. Suppose -3*m - 13 = -5*s + 55, 4*s + m - 51 = f. Let z(b) = 2*b - 26. Let x be z(s). What is g(x)?
0
Let j = 266 + -244. Suppose 0 = -2*z - 4*y - j, z + 13 = -2*z + 4*y. Let o(v) = 2 + 1 + v - 4. What is o(z)?
-8
Let v(q) = -q**3 - 4*q**2 + 12*q - 5. Suppose 34*k = -110 + 178. Determine v(k).
-5
Let a(r) = r**3 - 6*r**2 + 9*r - 2. Let q be a(4). Let k(w) = -2*w - 3*w**2 - 12 + q*w**2 + 3*w. Let i be 0/(1 + (-1 - -1)). Calculate k(i).
-12
Let l = 6 + -4. Let c(v) = -l*v + 0*v + 4*v + v**2. Suppose 0 = -4*q + 5*j + 38, 2*q = -10*j + 12*j + 16. Calculate c(q).
8
Let z(d) = -129*d + 113*d + 18*d. What is z(5)?
10
Let t(c) be the third derivative of -c**6/120 - c**5/60 + c**4/24 + c**3/6 + 4*c**2 + 194*c. Let j = -24 - -24. Calculate t(j).
1
Let q(l) = -2*l**2 + 3*l - 2. Let k = 49 - 46. Suppose 2*y - o - 21 = 0, 0*y - 2*o - 29 = -k*y. Suppose 0 = 10*u - 7 - y. What is q(u)?
-4
Suppose -8*p + 1716 = 191*p + 522. Let z(s) be the second derivative of 1/20*s**5 - p*s + 1/2*s**2 + 1/2*s**4 - 1/3*s**3 + 0. Determine z(-6).
13
Let d(o) = -67*o - 19. Let i(p) = -83*p - 19. Let h(j) = 5*d(j) - 4*i(j). Give h(-3).
-10
Let o = 434 + -430. Let x(f) = o*f**2 + f**3 - 5 + 21*f - f + 7*f - 8*f**2 - 28*f. Give x(4).
-9
Let r(h) be the first derivative of -h**4/4 + h**3/3 - h**2/2 + 12. Let p(m) = 4*m**3 - 12*m**2 + 13*m - 11. Let g(a) = p(a) + 3*r(a). Determine g(8).
5
Let p(b) = b**3 + 18*b**2 + 14*b - 81. Let g be p(-15). Let k(r) = -r**2 - 4 + 384*r + g*r - 754*r. Give k(13).
9
Let s(u) = 4*u**2 + 26*u + 6. Suppose 9*c + 57 = 3. Calculate s(c).
-6
Let m(t) = t**3 - 16*t**2 - 21*t + 54. Suppose -h + 2 = 3*n, 4*h + 33*n - 88 = 37*n. Determine m(h).
-14
Suppose -413 = -w - 53. Let d = w + -359. Let l(z) = -1. Let q(p) = 4*p**2 + 2*p + 4. Let o(c) = 5*l(c) + q(c). What is o(d)?
5
Let i(w) be the second derivative of -w**3/6 + 6*w**2 - 2509*w. What is i(22)?
-10
Suppose b - 2*h = 5, 55*b - 53*b + 4*h - 26 = 0. Let i(c) = c**2 - 13*c + 19. Determine i(b).
-17
Let m(q) = -3*q**2 - 2*q + 85. Let z be m(5). Let h(a) = -a**2 - 6. What is h(z)?
-6
Let c(h) = -28*h - 388. Let a be c(-14). Let u(r) = 5*r - 3. Give u(a).
17
Let r(t) = -11*t**2 + 3*t + 14. Let c be r(5). Let i = 256 + c. Let f(a) = -a**2 + 11*a - 15. Give f(i).
-5
Let q(c) = -2*c**2 + 4*c + 2. Suppose -2*t + 5*t + 3*u = 0, 0 = 4*t - 4*u. Let m be q(t). Let i(r) = 2*r + m - r**2 + 14*r - 18*r. Determine i(-2).
2
Let a be 9/(-12)*20/(-15). Let c be (-17)/((-51)/18) - a. Let j(d) = 5*d - 5. Calculate j(c).
20
Let d(n) = 11*n - 96. Suppose -61*z + 228 + 265 = -56. What is d(z)?
3
Let s(c) = c**2 - c - 12. Let x be (1*-2)/((-40)/760 - (-82)/114). Determine s(x).
0
Let m(n) be the third derivative of -n**6/6 + n**3/6 + n**2 - 932. Calculate m(-1).
21
Let r(j) be the third derivative of 0*j - 16*j**2 + 1/2*j**3 + 0 + 1/12*j**4. Let d(s) = s**3 + 7*s**2 - 7*s + 5. Let x be d(-8). Give r(x).
-3
Let t(o) = 10*o**3 + 28*o**2 + 31. Let r(s) = 3*s**3 + 9*s**2 + 10. Let f(p) = -7*r(p) + 2*t(p). Let n be 4/(-2) + 204/(16/(-4)). Let x = n - -46. What is f(x)?
-8
Let q(r) = -193284 - 8*r + 193284. Suppose -v - o = -5, -2*v + o = -0*v - 1. Determine q(v).
-16
Let g(f) = 3*f**2 - 47*f - 78. Let a(v) = 3*v**2 - 49*v - 121. Let y(c) = 2*a(c) - 3*g(c). What is y(14)?
6
Let u(v) = -v**2 + 4*v + 34. Let c be u(8). Let b(j) = -352*j + 6 - c + 179*j + 171*j. Give b(-5).
14
Let z(l) = -l**2 - 34*l - 96. Let g be z(-30). Let x(d) = -6 + 31*d**2 - 51*d**2 + g*d**2 + 3*d - d**3. Determine x(4).
6
Let b(v) = -3*v**2 + 10*v + 30. Let d(m) = -2*m**2 + 7*m + 20. Let h(k) = -7*b(k) + 10*d(k). Give h(10).
90
Let s(y) = 3*y**2 + 10*y - 1. Let c(t) = -3*t**2 - 16*t + 1. Let u(a) = -2*c(a) - 3*s(a). Calculate u(2).
-7
Let k be 10/4 - (-3 + (-42)/(-12)). Let r(o) = -o + 2 + 4*o**k + 2*o**2 - 3 + 3 - o**3 + 1. Calculate r(6).
-3
Suppose -2*g = -7*g - 25. Suppose -4*q + 8*q + s = 40, 2*q - 38 = -5*s. Let o(r) = -10 - 10 + 22 + 6*r + 2*r**2 - q. What is o(g)?
13
Let o(p) = 4*p - 10. Let r be o(3). Let y be r/(-12) + 55/6 + -4. Let i(v) = -v**3 + 4*v**2 + 2*v + 7. Give i(y).
-8
Let n(y) = y**2 - 4*y - 1. Let f be 45/2*6/15. Suppose -7*v + f*v = 3*c - 14, -2*c + 3*v = -11. Give n(c).
-1
Suppose -33 = 5*z + 2*r, -14*z + 19*z = r - 36. Let d(v) = -2*v**3 - 15*v**2 - 5*v + 3. Give d(z).
-11
Let q(l) = 18*l + 33. Let h(f) = -3*f + 52 + 0*f - 2*f - 124 + 61. Let m(x) = 7*h(x) + 2*q(x). Determine m(12).
1
Let q(n) = -n**2 - 3*n + 12 + 3*n + 2*n - 5. Let r(x) = 2*x**2 - 5*x - 13. Let b(m) = -7*q(m) - 3*r(m). Let g = 197 - 197. Determine b(g).
-10
Let k(c) = -1418*c + 2836. Let m be k(2). Let f(n) be the third derivative of -1 - 1/2*n**3 + m*n - 1/60*n**5 - 14*n**2 - 7/24*n**4. What is f(-5)?
7
Let p(i) = i**2 + i - 1. Let o(w) be the third derivative of w**5/60 + w**4/24 - w**3/3 + 25*w**2. Let s(g) = o(g) - 2*p(g). Determine s(-2).
-2
Let w be 3/(-3) - (-56 - -42)*4/14. Let s(k) = 3*k**2 + 7*k + 1. Determine s(w).
49
Let h(i) = 3*i - 2. Let c(o) = -7*o**2 + 6*o + 5*o**3 + 0 - 6*o**3 - 4 + 2*o**2. Let t be c(-6). Let l be 27/(-4) - (15/t)/5. Calculate h(l).
-20
Let a(f) = -473 + 14*f**2 - 521 + 18*f - 505 + f**3 + 1542. Give a(-13).
-22
Let o(t) be the first derivative of 3*t**2/2 + 45*t + 3082. Determine o(-19).
-12
Let t(l) = -29*l**2 + 6. Suppose 39*d + 19 = -2 - 57. What is t(d)?
-110
Let t(x) be the first derivative of -3*x + 100 + 1/2*x**2. Calculate t(-8).
-11
Suppose -819 = -9*q - 855. Let p(m) = 3*m + 8. Let u(b) = b + 5. Let v(z) 